8.
13
What is the remainder when 4046 is divided by 25?
21
What is the remainder when 33 is divided by 15?
3
Calculate the remainder when 387 is divided by 61.
21
What is the remainder when 1320 is divided by 63?
60
What is the remainder when 1042 is divided by 329?
55
Calculate the remainder when 2622 is divided by 26.
22
What is the remainder when 414 is divided by 73?
49
What is the remainder when 516 is divided by 250?
16
What is the remainder when 307 is divided by 44?
43
Calculate the remainder when 199 is divided by 63.
10
What is the remainder when 1406 is divided by 467?
5
Calculate the remainder when 226 is divided by 71.
13
What is the remainder when 304 is divided by 11?
7
What is the remainder when 852 is divided by 22?
16
Calculate the remainder when 637 is divided by 109.
92
What is the remainder when 370 is divided by 98?
76
What is the remainder when 71 is divided by 33?
5
What is the remainder when 27 is divided by 5?
2
What is the remainder when 56 is divided by 21?
14
Calculate the remainder when 131 is divided by 51.
29
Calculate the remainder when 25277 is divided by 16.
13
Calculate the remainder when 1947 is divided by 31.
25
Calculate the remainder when 285 is divided by 101.
83
What is the remainder when 76 is divided by 31?
14
Calculate the remainder when 69 is divided by 9.
6
Calculate the remainder when 131 is divided by 10.
1
Calculate the remainder when 2292 is divided by 116.
88
Calculate the remainder when 791 is divided by 161.
147
Calculate the remainder when 1712 is divided by 35.
32
Calculate the remainder when 763 is divided by 17.
15
What is the remainder when 737 is divided by 39?
35
Calculate the remainder when 203 is divided by 41.
39
Calculate the remainder when 24 is divided by 15.
9
What is the remainder when 300 is divided by 62?
52
Calculate the remainder when 1594 is divided by 47.
43
Calculate the remainder when 986 is divided by 99.
95
What is the remainder when 358 is divided by 96?
70
Calculate the remainder when 247 is divided by 85.
77
What is the remainder when 575 is divided by 71?
7
What is the remainder when 204 is divided by 34?
0
What is the remainder when 110 is divided by 23?
18
Calculate the remainder when 174 is divided by 72.
30
Calculate the remainder when 1 is divided by 1.
0
What is the remainder when 168 is divided by 87?
81
Calculate the remainder when 82 is divided by 28.
26
Calculate the remainder when 661 is divided by 35.
31
What is the remainder when 156 is divided by 29?
11
Calculate the remainder when 946 is divided by 191.
182
Calculate the remainder when 1222 is divided by 25.
22
Calculate the remainder when 30 is divided by 12.
6
What is the remainder when 2891 is divided by 12?
11
Calculate the remainder when 4145 is divided by 25.
20
What is the remainder when 168 is divided by 83?
2
What is the remainder when 1180 is divided by 1152?
28
What is the remainder when 86 is divided by 61?
25
What is the remainder when 662 is divided by 39?
38
Calculate the remainder when 83 is divided by 8.
3
What is the remainder when 240 is divided by 205?
35
What is the remainder when 183 is divided by 37?
35
Calculate the remainder when 5124 is divided by 1702.
18
Calculate the remainder when 567 is divided by 331.
236
Calculate the remainder when 62 is divided by 18.
8
What is the remainder when 6406 is divided by 29?
26
Calculate the remainder when 31 is divided by 13.
5
What is the remainder when 135 is divided by 28?
23
What is the remainder when 22 is divided by 4?
2
What is the remainder when 1209 is divided by 396?
21
Calculate the remainder when 449 is divided by 42.
29
Calculate the remainder when 144 is divided by 16.
0
What is the remainder when 446 is divided by 28?
26
What is the remainder when 194 is divided by 187?
7
What is the remainder when 245 is divided by 17?
7
Calculate the remainder when 476 is divided by 32.
28
What is the remainder when 450 is divided by 448?
2
What is the remainder when 159 is divided by 56?
47
What is the remainder when 110 is divided by 7?
5
Calculate the remainder when 38 is divided by 2.
0
What is the remainder when 207 is divided by 21?
18
Calculate the remainder when 1876 is divided by 382.
348
What is the remainder when 885 is divided by 406?
73
Calculate the remainder when 179 is divided by 177.
2
What is the remainder when 1795 is divided by 18?
13
Calculate the remainder when 272 is divided by 31.
24
What is the remainder when 32 is divided by 18?
14
Calculate the remainder when 345 is divided by 14.
9
What is the remainder when 391 is divided by 60?
31
Calculate the remainder when 666 is divided by 11.
6
Calculate the remainder when 1100 is divided by 343.
71
What is the remainder when 128 is divided by 26?
24
Calculate the remainder when 392 is divided by 69.
47
What is the remainder when 101 is divided by 31?
8
Calculate the remainder when 1339 is divided by 42.
37
What is the remainder when 2143 is divided by 8?
7
Calculate the remainder when 640 is divided by 111.
85
What is the remainder when 671 is divided by 71?
32
Calculate the remainder when 298 is divided by 60.
58
Calculate the remainder when 2695 is divided by 117.
4
Calculate the remainder when 560 is divided by 22.
10
What is the remainder when 188 is divided by 49?
41
What is the remainder when 6167 is divided by 31?
29
Calculate the remainder when 143 is divided by 32.
15
What is the remainder when 30 is divided by 5?
0
What is the remainder when 197 is divided by 53?
38
Calculate the remainder when 1329 is divided by 19.
18
What is the remainder when 886 is divided by 27?
22
What is the remainder when 17078 is divided by 28?
26
Calculate the remainder when 715 is divided by 49.
29
Calculate the remainder when 150 is divided by 101.
49
What is the remainder when 1 is divided by 1?
0
Calculate the remainder when 68 is divided by 33.
2
Calculate the remainder when 523 is divided by 46.
17
Calculate the remainder when 2286 is divided by 254.
0
Calculate the remainder when 6188 is divided by 16.
12
Calculate the remainder when 17983 is divided by 33.
31
Calculate the remainder when 53 is divided by 45.
8
Calculate the remainder when 498 is divided by 3.
0
Calculate the remainder when 8986 is divided by 84.
82
Calculate the remainder when 122 is divided by 25.
22
What is the remainder when 2327 is divided by 259?
255
Calculate the remainder when 313 is divided by 49.
19
Calculate the remainder when 290 is divided by 96.
2
Calculate the remainder when 369 is divided by 40.
9
What is the remainder when 1901 is divided by 21?
11
What is the remainder when 79 is divided by 21?
16
What is the remainder when 989 is divided by 245?
9
What is the remainder when 78 is divided by 26?
0
Calculate the remainder when 11 is divided by 9.
2
Calculate the remainder when 1254 is divided by 189.
120
Calculate the remainder when 250 is divided by 3.
1
What is the remainder when 32 is divided by 16?
0
Calculate the remainder when 76 is divided by 43.
33
What is the remainder when 309 is divided by 72?
21
Calculate the remainder when 265 is divided by 50.
15
What is the remainder when 152 is divided by 70?
12
What is the remainder when 2230 is divided by 25?
5
Calculate the remainder when 396 is divided by 10.
6
Calculate the remainder when 1841 is divided by 152.
17
Calculate the remainder when 269 is divided by 46.
39
Calculate the remainder when 340 is divided by 24.
4
Calculate the remainder when 53 is divided by 36.
17
Calculate the remainder when 12821 is divided by 57.
53
What is the remainder when 176 is divided by 38?
24
Calculate the remainder when 3190 is divided by 1039.
73
What is the remainder when 533 is divided by 45?
38
What is the remainder when 8 is divided by 4?
0
What is the remainder when 710 is divided by 79?
78
Calculate the remainder when 1302 is divided by 145.
142
What is the remainder when 274 is divided by 72?
58
Calculate the remainder when 13055 is divided by 16.
15
Calculate the remainder when 68 is divided by 11.
2
What is the remainder when 280 is divided by 4?
0
Calculate the remainder when 904 is divided by 35.
29
What is the remainder when 41 is divided by 11?
8
What is the remainder when 79 is divided by 69?
10
Calculate the remainder when 70 i